 28 = -3*q. What is the units digit of a?
8
What is the units digit of (2 - -2 - 3)/((-5)/(-1090))?
8
Suppose -5*t - 24 - 11 = 5*p, 2*t = -8. Let o = p - -5. Suppose -5*v - o*z + 28 = 2*z, -4 = -2*z. What is the units digit of v?
4
Let z = 84 + -62. What is the units digit of z?
2
Suppose 0 = -5*a - 3*l - 97 + 443, 2*a = -l + 139. What is the units digit of a?
1
Let u = 6 - 2. Suppose -u = 4*d - 44. What is the tens digit of d?
1
Suppose 2*b - 88 = -2*b. Let n = b - 5. What is the units digit of n?
7
Suppose 95 = 3*q - 121. What is the tens digit of 0 - (q/(-3) - -1)?
2
Suppose 52 = 4*f - 5*i, f + 0*f - 28 = 5*i. Let a be ((-12)/f)/(2/244). What is the units digit of a/(-21) + 2/7?
9
Let z be ((-6)/4)/((-6)/16). Let w(k) = -k**3 - 4*k**2 - 3*k - 3. Let u be w(-3). Let x = u + z. What is the units digit of x?
1
Suppose -3*u - 3 = -18. Suppose d - y - 51 = -4*d, -u*d + 59 = y. What is the units digit of d?
1
Let c = 4 - 5. Let s be (-11)/(-4) - c/4. Suppose -s*t = t - 16. What is the units digit of t?
4
Let o be (-36)/8*(-4)/6. Suppose o*z - 52 = -z. What is the tens digit of z?
1
Let g = 7 + -4. Suppose 0 = -4*q + g + 89. What is the tens digit of q?
2
Let w be 120/55 - (-4)/(-22). Suppose 2*a + 40 = 7*a + p, -5*a + 40 = -w*p. What is the units digit of a?
8
Let q = 45 - 31. Let l = q - 7. What is the units digit of l?
7
Let t(h) = 55*h**2 - h - 2. What is the tens digit of t(-2)?
2
Let z be (-8 + 2)/(-3) + 3. Let o(k) = 4*k - 11. What is the units digit of o(z)?
9
Suppose 2*f = -6, -g - f = g - 299. What is the hundreds digit of g?
1
Suppose 0 = 10*u - 1618 - 212. What is the tens digit of u?
8
Let r(q) = 52*q - 1. What is the tens digit of r(2)?
0
Suppose h - p = 25, -3*h + 2 = 4*p - 59. Suppose -89 + h = -3*t. What is the tens digit of t?
2
Suppose 1136 = 5*d - 2*y, -3*d + 438 = 2*y - 234. What is the hundreds digit of d?
2
Suppose -14 = -k + 13. What is the units digit of k?
7
Suppose -t + 2*t = 0, -3*t + 20 = -5*n. What is the units digit of 34*-3*n/12?
4
Let u(p) = -7*p**2 - 10 + p**3 + 9*p - 6*p + 7*p - 2*p**2. What is the units digit of u(8)?
6
Let m = 70 - 41. What is the tens digit of m?
2
Let h = -12 + 17. Let t be 1 - (-3 + h + -1). Suppose t = -v + 5. What is the units digit of v?
5
Suppose l + 20 = 5*l. Suppose -3*k + 52 - 11 = -2*u, -l*k = 5*u - 85. What is the units digit of k?
5
Suppose 0 = 3*k - 5*k + 30. What is the units digit of k?
5
Let g(l) = -9*l - 147. What is the units digit of g(-35)?
8
Let j(i) = 1. Let v(m) = -m + 5. Let n(s) = -5*j(s) + v(s). What is the tens digit of n(-12)?
1
Let x = -6 + 12. Let d be 3*((-44)/x)/(-2). Let k = 19 - d. What is the units digit of k?
8
Let i(d) = d**3 + 23*d**2 - 6*d - 15. What is the tens digit of i(-23)?
2
Let n = 1 + -1. Let i(l) = -l**2 + l + 18. What is the units digit of i(n)?
8
Suppose 3*z - 8*z = -2*t + 53, 3*t + 2*z = 70. Suppose 3*n = -n + t. What is the units digit of n?
6
Let p(w) = -w**2 + w + 3. Let i be p(-3). Let s = i + 11. Suppose z - 14 = -s*b, -5*z = -15 - 5. What is the units digit of b?
5
Suppose -2*l + 7*l - 2*x - 682 = 0, 5*x = 2*l - 256. What is the units digit of l?
8
Let f(q) = 3*q - 5. What is the units digit of f(11)?
8
Let u = -63 + 99. Suppose 2*r - 30 = -2*o, -u = -2*o + r - 3. What is the units digit of o?
6
Let w(n) = -1 + 4 + 0*n**3 + 4*n**2 + n**3 + 3*n + 3*n**2. What is the tens digit of w(-3)?
3
Let d(w) = w**2 + 4*w - 2. Suppose 2*m = -10 - 0. What is the units digit of d(m)?
3
What is the tens digit of ((-63)/5)/(48/(-160))?
4
Let v = -25 + 121. What is the units digit of v?
6
Let o be 4/(-20) + 1/5. Suppose -2*u - 18 = -4*u + 2*z, z = o. What is the units digit of u?
9
Suppose 3 = k + 1. Suppose -5*y = -k*y. Let o = y + 4. What is the units digit of o?
4
Let r(w) = -2 - w + 4 + 4 - 4. Let x be r(0). Suppose 0 = x*c - 52 + 10. What is the tens digit of c?
2
Suppose 0 = -14*d + 3*d + 1133. What is the tens digit of d?
0
Let n(v) = v + 8. Let z be n(-6). Suppose 0 = -z*i + 5 + 7. What is the units digit of i?
6
Suppose -3*x - 4*d - 107 = 0, 5*d = 5 - 0. Let c = x - -54. What is the units digit of c?
7
Let f(o) = -4*o + 9. What is the tens digit of f(-6)?
3
Suppose 0 = -5*s + 5 + 5. Let h be (s + -8)/(-2) - -1. Suppose -7*k = -u - 2*k - 5, 0 = -4*u + h*k + 12. What is the units digit of u?
5
Let s(o) = 2*o**2 - o - 10. What is the units digit of s(10)?
0
Let r = -27 - -28. Let o(t) = 3*t + 1. Let n be o(-1). What is the units digit of (-3)/(-2) + r/n?
1
Suppose -2*s = -10, -7*s = 3*j - 2*s - 589. What is the units digit of j?
8
Suppose 46 = 3*u - 2*p, -2*u + 23 = -p - 7. Let q be (-4)/u + 38/(-14). Let o = 4 + q. What is the units digit of o?
1
Let n be (-2)/8 - (-75)/12. Suppose -n = -3*t + 36. What is the units digit of t?
4
What is the tens digit of 5756/44 - 4 - 8/(-44)?
2
Let d(k) = -k + 5. Let t be d(4). Let j be (t/(-2))/((-6)/60). Suppose j*g = 2*g + 39. What is the tens digit of g?
1
Let s(t) = 28*t - 4. What is the tens digit of s(6)?
6
Suppose -5*m + 25 = -3*q, 3*q - 3*m + 5 = -10. Suppose -3*o = -q*o. What is the units digit of 2 + 5 - o - 0?
7
Let k = -15 - -9. Let b(m) = m**2 + 6*m + 2. Let d be b(k). Suppose 4*c - d*c = 22. What is the tens digit of c?
1
Suppose 4*v - 3*a = 267, v - 4*v = 2*a - 179. What is the tens digit of v?
6
Suppose 5*g = 2*g + 24. Let a = 5 + -9. Let q = g + a. What is the units digit of q?
4
Let k = 6 - 6. Suppose -o - 2*a = -12, 4*o + k*o - 2*a - 48 = 0. What is the units digit of o?
2
Suppose -4*z = -229 - 11. What is the units digit of z?
0
Suppose 0 = -z + 2*z - 6. Suppose -s + 0*s = 4*i + 37, 2*i + 81 = -3*s. What is the units digit of s/(-3) + z/9?
9
Suppose -4*p + 4*j = 0, p = -2*p + j + 6. Suppose 6*l = 4*f + 4*l - 154, -p*f - l = -123. What is the tens digit of f?
4
Let y(c) = 19*c**2 + 2*c - 19. What is the tens digit of y(-5)?
4
Let v(a) = a - 1. Let y be v(4). Suppose y*w = 2 + 1, 3*l - 5*w - 19 = 0. What is the units digit of l?
8
Let z(w) = -w**3 + 8*w**2 - 11*w + 6. What is the units digit of z(5)?
6
Let g(j) = j**3 + 7*j**2 + 4*j. Let s be g(-6). Let k = s - 5. What is the units digit of k?
7
What is the units digit of (10*(-1)/(-6))/((-1)/(-135))?
5
Suppose 3*r = -4*n - 15, -10 = -n - 0*n + 2*r. Let w = n - -31. What is the units digit of w?
1
Suppose -5*v + 890 = 170. What is the hundreds digit of v?
1
Let z(v) = -v**3 - 7*v**2 + 6*v + 8. Let l be z(-7). What is the tens digit of (-1 - 0)/(2/l)?
1
Let y(t) = 67*t**3 - t**2. What is the units digit of y(1)?
6
Suppose f - 2*f - 6 = 0. Let g(o) = o**2 + 2*o - 8. What is the tens digit of g(f)?
1
Let f(h) = h**3. Let k(v) = -2*v**3 + 4*v**2 - 2*v - 4. Let x(y) = -3*f(y) - k(y). Let c = -2 + -3. What is the tens digit of x(c)?
1
Let x(r) = r**2 - 5*r + 2. What is the tens digit of x(-5)?
5
Let i(u) = -u**3 + 2*u**2 + 2*u - 6. What is the tens digit of i(-3)?
3
Suppose 5*k - 1213 = -73. What is the units digit of k?
8
Let u(y) = -13*y + 1. Let p(c) = -39*c + 3. Let t(m) = -6*p(m) + 17*u(m). What is the tens digit of t(3)?
3
Suppose 98 = 2*i - 5*s, i - 3*s = 6*i - 214. What is the units digit of i?
4
Suppose -4*y + 2*y + 4 = 0. Let i(b) = -b - 8. Let a be i(-7). Let r = y - a. What is the units digit of r?
3
Suppose -3*k + 17 = -22. Let b = k + -7. What is the units digit of 10/b + (-3)/(-9)?
2
Let a(y) = y + 2. Let p be a(-4). What is the units digit of (9 - 2)/(p - -3)?
7
Let r(h) = -11*h**3 + h**2 + 15*h - 1. Let p(y) = -4*y**3 + 5*y. Let q(b) = 8*p(b) - 3*r(b). Let d be q(5). What is the units digit of (-8)/d - (-51)/7?
7
Suppose 3 = p - 3. Suppose -x - 5 = -p. What is the units digit of x?
1
Let y = 97 - 54. What is the tens digit of y?
4
Let q = -50 - -98. What is the tens digit of q?
4
What is the hundreds digit of ((-20)/(-16) - -1)*(-2 - -146)?
3
Suppose z = -4 + 2. Suppose 0 = b - 0 + 3, -s - 14 = 4*b. What is the units digit of ((-7)/z)/(s/(-4))?
7
Let r be 788/22 - (-10)/55. Let l = r + -7. What is the units digit of l?
9
Let c = 17 + -2. What is the tens digit of c?
1
Suppose 0*n = -5*n + 65. What is the tens digit of n?
1
Suppose -w + 82 = 3*x, 343 = 4*w - 12*x + 9*x. What is the units digit of w?
5
Let a(k) = -k**2 - 3*k + 8. Let i be a(-6). Suppose 19 + 41 = -4*r. Let w = i - r. What is the units digit of w?
5
Suppose -17 - 3 